{"id":242,"date":"2024-09-07T14:56:52","date_gmt":"2024-09-07T12:56:52","guid":{"rendered":"https:\/\/www.cg-objekte.de\/?page_id=242"},"modified":"2024-09-24T21:16:30","modified_gmt":"2024-09-24T19:16:30","slug":"under-construction","status":"publish","type":"page","link":"https:\/\/www.cg-objekte.de\/","title":{"rendered":"Under Construction"},"content":{"rendered":"\t\t<div data-elementor-type=\"wp-page\" data-elementor-id=\"242\" class=\"elementor elementor-242\">\n\t\t\t\t<div class=\"elementor-element elementor-element-09f47d2 e-flex e-con-boxed e-con e-parent\" data-id=\"09f47d2\" data-element_type=\"container\">\n\t\t\t\t\t<div class=\"e-con-inner\">\n\t\t\t\t<div class=\"elementor-element elementor-element-965a42f elementor-widget elementor-widget-image\" data-id=\"965a42f\" data-element_type=\"widget\" data-widget_type=\"image.default\">\n\t\t\t\t<div class=\"elementor-widget-container\">\n\t\t\t\t\t\t\t\t\t\t\t\t\t<img fetchpriority=\"high\" decoding=\"async\" width=\"2560\" height=\"1088\" src=\"https:\/\/www.cg-objekte.de\/wp-content\/uploads\/2024\/09\/toa-heftiba-FV3GConVSss-unsplash-cropped-scaled.jpg\" class=\"attachment-full size-full wp-image-333\" alt=\"\" srcset=\"https:\/\/www.cg-objekte.de\/wp-content\/uploads\/2024\/09\/toa-heftiba-FV3GConVSss-unsplash-cropped-scaled.jpg 2560w, https:\/\/www.cg-objekte.de\/wp-content\/uploads\/2024\/09\/toa-heftiba-FV3GConVSss-unsplash-cropped-300x128.jpg 300w, https:\/\/www.cg-objekte.de\/wp-content\/uploads\/2024\/09\/toa-heftiba-FV3GConVSss-unsplash-cropped-1024x435.jpg 1024w, https:\/\/www.cg-objekte.de\/wp-content\/uploads\/2024\/09\/toa-heftiba-FV3GConVSss-unsplash-cropped-768x326.jpg 768w, https:\/\/www.cg-objekte.de\/wp-content\/uploads\/2024\/09\/toa-heftiba-FV3GConVSss-unsplash-cropped-1536x653.jpg 1536w, https:\/\/www.cg-objekte.de\/wp-content\/uploads\/2024\/09\/toa-heftiba-FV3GConVSss-unsplash-cropped-2048x870.jpg 2048w\" sizes=\"(max-width: 2560px) 100vw, 2560px\" \/>\t\t\t\t\t\t\t\t\t\t\t\t\t<\/div>\n\t\t\t\t<\/div>\n\t\t\t\t\t<\/div>\n\t\t\t\t<\/div>\n\t\t<div class=\"elementor-element elementor-element-777bd387 e-flex e-con-boxed e-con e-parent\" data-id=\"777bd387\" data-element_type=\"container\">\n\t\t\t\t\t<div class=\"e-con-inner\">\n\t\t\t\t<div class=\"elementor-element elementor-element-2f832ea6 elementor-widget elementor-widget-text-editor\" data-id=\"2f832ea6\" data-element_type=\"widget\" data-widget_type=\"text-editor.default\">\n\t\t\t\t<div class=\"elementor-widget-container\">\n\t\t\t\t\t\t\t<p><!-- wp:paragraph {\"align\":\"center\"} --><\/p>\n<p class=\"has-text-align-center\">Unsere Internetseite steht unter Bearbeitung, danke f\u00fcr Ihr Verst\u00e4ndnis!<\/p>\n<p><!-- \/wp:paragraph --><\/p>\n<p><!-- wp:paragraph --><\/p>\n<p><!-- \/wp:paragraph --><\/p>\t\t\t\t\t\t<\/div>\n\t\t\t\t<\/div>\n\t\t\t\t\t<\/div>\n\t\t\t\t<\/div>\n\t\t<div class=\"elementor-element elementor-element-1d61d63 e-flex e-con-boxed e-con e-parent\" data-id=\"1d61d63\" data-element_type=\"container\">\n\t\t\t\t\t<div class=\"e-con-inner\">\n\t\t\t\t<div class=\"elementor-element elementor-element-2673d4c elementor-widget elementor-widget-text-editor\" data-id=\"2673d4c\" data-element_type=\"widget\" data-widget_type=\"text-editor.default\">\n\t\t\t\t<div class=\"elementor-widget-container\">\n\t\t\t\t\t\t\t<h5 style=\"font-family: Roboto, sans-serif; color: #7a7a7a; text-align: center;\">C.G.-Objekte Citignola<br \/>TRIWO Park, Geb\u00e4ude 5133<br \/>Werner-von-Siemens Str. 2-6<br \/>D-76646\u00a0Bruchsal<\/h5>\n<p style=\"text-align: center;\">Tel.: 07251 &#8211; 93 07 77<br \/>Fax: 07251 &#8211; 93 07 78<br \/>Mobil: 0171 &#8211; 6 80 44 58<\/p>\n<p style=\"text-align: center;\">E-Mail:\u00a0<a class=\"email\" title=\"Email an: cg@cg-objekte.de\" href=\"mailto:cg@cg-objekte.de?subject=Kontakt\">cg@cg-objekte.de<\/a><\/p>\t\t\t\t\t\t<\/div>\n\t\t\t\t<\/div>\n\t\t\t\t\t<\/div>\n\t\t\t\t<\/div>\n\t\t\t\t<\/div>\n\t\t","protected":false},"excerpt":{"rendered":"<p>Unsere Internetseite steht unter Bearbeitung, danke f\u00fcr Ihr Verst\u00e4ndnis! C.G.-Objekte CitignolaTRIWO Park, Geb\u00e4ude 5133Werner-von-Siemens Str. 2-6D-76646\u00a0Bruchsal Tel.: 07251 &#8211; 93 07 77Fax: 07251 &#8211; 93 07 78Mobil: 0171 &#8211; 6 80 44 58 E-Mail:\u00a0cg@cg-objekte.de<\/p>\n","protected":false},"author":1,"featured_media":0,"parent":0,"menu_order":0,"comment_status":"closed","ping_status":"closed","template":"elementor_header_footer","meta":{"footnotes":""},"class_list":["post-242","page","type-page","status-publish","hentry","entry"],"_links":{"self":[{"href":"https:\/\/www.cg-objekte.de\/index.php?rest_route=\/wp\/v2\/pages\/242"}],"collection":[{"href":"https:\/\/www.cg-objekte.de\/index.php?rest_route=\/wp\/v2\/pages"}],"about":[{"href":"https:\/\/www.cg-objekte.de\/index.php?rest_route=\/wp\/v2\/types\/page"}],"author":[{"embeddable":true,"href":"https:\/\/www.cg-objekte.de\/index.php?rest_route=\/wp\/v2\/users\/1"}],"replies":[{"embeddable":true,"href":"https:\/\/www.cg-objekte.de\/index.php?rest_route=%2Fwp%2Fv2%2Fcomments&post=242"}],"version-history":[{"count":23,"href":"https:\/\/www.cg-objekte.de\/index.php?rest_route=\/wp\/v2\/pages\/242\/revisions"}],"predecessor-version":[{"id":336,"href":"https:\/\/www.cg-objekte.de\/index.php?rest_route=\/wp\/v2\/pages\/242\/revisions\/336"}],"wp:attachment":[{"href":"https:\/\/www.cg-objekte.de\/index.php?rest_route=%2Fwp%2Fv2%2Fmedia&parent=242"}],"curies":[{"name":"wp","href":"https:\/\/api.w.org\/{rel}","templated":true}]}}